ist the prime factors of p(h).
5
Let j be (-1)/(-4) - 47/(-4). What are the prime factors of 123/j + (-6)/(-8)?
11
Suppose -5*a = -2*a - 12. Suppose g = a*z - 42 - 29, 0 = z - 3*g - 15. List the prime factors of z.
2, 3
Suppose 0 = -2*k - 4*o - 14 + 92, -o = -5*k + 151. List the prime factors of k.
31
Suppose -51 = -2*a + 1. What are the prime factors of a?
2, 13
Let q be (-2)/(-2)*33 + 2. Suppose -4*v + q = v. Let s = v + -1. What are the prime factors of s?
2, 3
Let h(c) = -c**2 + 2*c + 1. Let r be h(2). Let n(o) = 32*o**2 + 2*o - 1. What are the prime factors of n(r)?
3, 11
Let l = -26 - -32. Let k(o) = 7*o**2 - 17*o + 15. Let r(p) = -3*p**2 + 8*p - 7. Let d(j) = -2*k(j) - 5*r(j). List the prime factors of d(l).
5
Suppose 0 = -2*g + 4*z - 12, 5*z - 10 - 5 = -2*g. Let m = 4 - g. Suppose 29 = m*h - 5*s, 0 = -3*h - 0*h + s + 19. What are the prime factors of h?
2, 3
Let p(d) = -d**2 + 23*d - 21. List the prime factors of p(19).
5, 11
Suppose -f + 2*f = 3. Suppose -5*y = -o + 5 - 3, 5*o - 10 = -2*y. Suppose o*b - f = 27. List the prime factors of b.
3, 5
Let j = -58 + 21. Let f = j + 26. List the prime factors of f/(-3) + 4/(-6).
3
Let l(t) = t + 21. Let f be 4/(-8) - 1/(-2). List the prime factors of l(f).
3, 7
Let r = 15 + -7. Let l = 22 - r. List the prime factors of l.
2, 7
Suppose 3*o = -0 - 6. Let b be (-4)/((-7)/((-7)/o)). What are the prime factors of 2*b - (1 + 1)?
2
Let j be (-6)/15 + (-63)/5. Let s = -6 - j. What are the prime factors of s?
7
Let r(g) = -4*g**3 - 6*g**3 + 2*g**3 + g + 5*g**3. Let x = -2 - -1. What are the prime factors of r(x)?
2
Let h(w) = w**3 + 12*w**2 + 6*w - 5. What are the prime factors of h(-11)?
2, 5
Suppose -2*m = -2*j + 14, 5*j + 2*m + 0*m - 21 = 0. Suppose -4*f + 5*i = -30, -2*i + j*i - 36 = -3*f. What are the prime factors of f?
2, 5
Suppose j - 2 = 6. Suppose -t - j = -2*z + 8, 0 = -3*z - 4*t + 24. What are the prime factors of z?
2
What are the prime factors of (56/(-16))/((-1)/32)?
2, 7
Let q(x) = 4*x - 5. Suppose 0 = -4*j + i - 3, 5*i = 2*j - 0*j + 15. Suppose 2*o - 5 - 3 = j. List the prime factors of q(o).
11
Suppose 0 = 4*k + 2*k - 18. What are the prime factors of 122/(2/3*k)?
61
Let v be 8/(-4)*2*-1. Let b(l) = l**2 - 5*l + 1. Let w be b(v). Let m = w + 7. List the prime factors of m.
2
Let u(r) = 4 - 2*r + 4*r - 3 - r. List the prime factors of u(3).
2
Suppose -2*m + 148 = 4*y - 3*m, 46 = y + 2*m. What are the prime factors of y?
2, 19
Let m = -5 - -8. Suppose -m*a + 2 = -4. What are the prime factors of a?
2
Suppose 4*l = -s + 17, -7 = -3*s - 3*l + 8. What are the prime factors of -2 + 9 + s - 1?
7
Suppose -5*h = -0*h - 5. What are the prime factors of (12/(-2))/(h + -2)?
2, 3
Suppose 15*n = 19*n - 452. List the prime factors of n.
113
Suppose 9*r - 1 = 269. List the prime factors of r.
2, 3, 5
Let l(g) be the second derivative of -g**4/12 + 5*g**3/3 + 5*g**2/2 - 6*g. List the prime factors of l(5).
2, 3, 5
Let c(u) = 2*u - 7. Let i(d) = -d + 3. Let w(o) = 6*c(o) + 13*i(o). Let j be w(0). Let x = 2 - j. List the prime factors of x.
5
Suppose -4*b + 0*b + 2*c - 4 = 0, b = 3*c - 1. What are the prime factors of (-5 + b)*(-117)/26?
3
Suppose -4*y + 62 = -14. List the prime factors of y.
19
Suppose 3*f = d + 524 + 122, -5*f = -3*d - 1070. What are the prime factors of f?
7, 31
Suppose 41 = -0*f + f - 3*h, -115 = -3*f + 5*h. List the prime factors of f.
5, 7
Let q = 8 + 3. Let g = 19 - q. What are the prime factors of g/(-10)*-3*5?
2, 3
Let h(w) = w**2 + 2. Let z be h(0). Suppose -2*b + 80 = z*b. Suppose b = 3*u - 1. List the prime factors of u.
7
Let n(x) = x**2 + x - 8. Let l be n(0). What are the prime factors of 2/l + 159/12?
13
Let x(b) = b**3 + 3*b**2 - 7*b - 5. Let r be x(-4). Let k(f) = 4*f**2 + 4*f - 3. Let u be k(2). What are the prime factors of 6/u + 75/r?
11
Suppose -18 = i - 2*t - 3*t, -2*t = 2*i - 12. Suppose 5*o + 165 = 5*p, -3*p = i*p + o - 165. What are the prime factors of p?
3, 11
Let x = -83 - -117. List the prime factors of x.
2, 17
Let c = -4 - -4. Suppose 3*x + 10 = h - c*h, -4*x - h = 18. Let b(n) = -n + 1. What are the prime factors of b(x)?
5
Let o be 84/12 - 3*1. Suppose -5*t = -2*t - i - 91, 4*t = o*i + 108. What are the prime factors of t?
2
Let k(v) = 9*v - 1. List the prime factors of k(1).
2
Let k(t) = -t**3 + 6*t**2 + 2*t - 2. List the prime factors of k(5).
3, 11
Suppose 3*p - u = -2*u + 783, 2*p - 514 = 2*u. List the prime factors of p.
2, 5, 13
Let v(w) = -10*w + 15. List the prime factors of v(-20).
5, 43
Let c = 38 - 21. Suppose -1 = -3*s + c. Let w(a) = a**3 - 5*a**2 - 5*a - 1. What are the prime factors of w(s)?
5
Let y = 1 - 0. Let p(t) = 3*t + 1. Let c be p(y). Suppose 9*u = -c*s + 4*u - 7, s - 5 = u. List the prime factors of s.
2
Let c(d) = -d**3 - 5*d**2 + 3*d - 8. Let m be c(-6). Suppose m = 3*j - j. Suppose -4*x - 3*a = -37, -5*x + 48 = j*a - 2. What are the prime factors of x?
7
Let j be (-7)/(-2) - (-4)/8. Suppose -j*y + d + 41 = 0, 0 = -0*y + 2*y + 3*d - 3. List the prime factors of y.
3
Suppose 3*u - 2*u = -9. Let y = 12 - u. List the prime factors of y.
3, 7
Let c be ((-3)/(-4))/((-18)/(-2664)). Let x = -67 + c. List the prime factors of x.
2, 11
Let k = -109 - -158. List the prime factors of k.
7
Suppose 0*q = a + q, -5*a = 4*q. Suppose -2*s = -a*s - 8. Suppose 2*b = c + 14, 5*b - 57 = -s*c + c. What are the prime factors of b?
3
Suppose 16 + 20 = 2*n - 4*j, -3*j + 28 = n. What are the prime factors of n?
2, 11
Suppose -4*r + 4*v + 24 = 0, -3*r + 4*v - 2 = 6*v. Let j(k) = 9*k + 6. Let c(b) = -8*b - 5. Let u(q) = -5*c(q) - 4*j(q). List the prime factors of u(r).
3
Let b be (3/2 + -1)*0. Suppose b = 4*k - 216. Suppose -5*o + k = -1. List the prime factors of o.
11
Let j be 3*(-3 + 8*5). Suppose j = 4*u - 73. List the prime factors of u.
2, 23
Let d(r) be the third derivative of -r**6/120 - r**5/10 + 3*r**4/8 - r**3/6 + r**2. Let n be d(-7). Let q = -2 - n. What are the prime factors of q?
13
Let s(b) = 4*b - 1. Let v be (6/(-5))/(4/(-10)). Suppose v = -3*n + 4*n. What are the prime factors of s(n)?
11
Let n = -6 + 3. List the prime factors of -1*(-3 + 4)*n.
3
Suppose -48 = -2*f + 3*s - 0*s, 0 = -f - 2*s + 10. Let i(v) = -4*v + 6. Let j be i(3). Let c = f + j. What are the prime factors of c?
2, 3
Suppose -5*a + f + 9 = -3*f, -5*f = -20. Let b(x) = -x**2 + 5*x - 1. Let d be b(a). List the prime factors of (d - 0)/(6/(-114)).
19
Let l = -57 + 52. Let p(x) = -2*x**2 - 3*x**2 - x**3 - 4 + 3*x - 8*x. What are the prime factors of p(l)?
3, 7
Let u(f) = -2*f - 3. Let r be u(4). Let i = r - -16. Suppose -2*n - 38 = -i*h, 5*h - 2 - 35 = 3*n. What are the prime factors of h?
2
Let b be 1 - (-1 - 1)/(-1). Let x(w) be the first derivative of -3*w**2 + 12. List the prime factors of x(b).
2, 3
Suppose 0 = 4*m - 20, 3*h + m - 385 = 2*m. List the prime factors of h.
2, 5, 13
Let h(z) = -z**3 - z + 1. Let d = 26 + -9. Suppose -7 = -5*r - d. What are the prime factors of h(r)?
11
Suppose -4*k + k = -3*p + 15, 0 = 3*k + 9. Suppose p*y = -5*o + 4, 2*o - 52 = -y - 4*y. What are the prime factors of y?
2, 3
Suppose -215 = -5*o - 35. What are the prime factors of o?
2, 3
Let y = 397 + -217. What are the prime factors of y?
2, 3, 5
Let w(k) = 2*k**3 - k**2 - 1. What are the prime factors of w(2)?
11
Suppose 51 = 5*a - 14. List the prime factors of a.
13
Let i be (2 - 9) + (-1 - -4). Let x = i - -14. List the prime factors of x.
2, 5
What are the prime factors of 39/(-39) + 67 + -1?
5, 13
What are the prime factors of (-21*(5 - 1))/(-1)?
2, 3, 7
Suppose -4*h + 24 = 8. Suppose h*c = 8 + 8. Suppose 0*v - c*v = -60. List the prime factors of v.
3, 5
Let y(p) = p**2 + p - 8. List the prime factors of y(-5).
2, 3
Let d(u) = u**3 - 7*u**2 + 7*u - 5. Let c be d(6). Suppose g - c = -0. List the prime factors of 13 + (-2 - g) - 2.
2
Suppose 7*s - 30 = 4*s. Let q be 28/s - 2/(-10). Suppose -u = -q - 0. List the prime factors of u.
3
What are the prime factors of 0/(-2 - (0 - 1)) - -313?
313
Suppose 6*p - 847 = 1001. List the prime factors of p.
2, 7, 11
Suppose 0 = -3*l - 3*w + 24, 5*l - 60 = 3*w + 2*w. List the prime factors of l.
2, 5
Let a(b) = b**3 + 2*b**2 - 4*b - 2. Let z be a(-3). Let q = -24 + 35. Let f = z + q. What are the prime factors of f?
2, 3
List the prime facto